is b8 - -97?
193
In base 13, what is 3 - 805?
-802
In base 8, what is 7071 - -56?
7147
In base 6, what is 112325 + 5?
112334
In base 12, what is 5 + 1420a6?
1420ab
In base 16, what is 1f - 1737?
-1718
In base 15, what is -8ee3 + -2?
-8ee5
In base 9, what is 108 + 872?
1081
In base 3, what is -122002 - -120122?
-1110
In base 2, what is -1001 - -101001100111?
101001011110
In base 15, what is b - -25a5?
25b1
In base 16, what is 2 - 418c?
-418a
In base 4, what is -22011 + -11232?
-33303
In base 11, what is 37 + 17636?
17672
In base 4, what is -2 + 100030003?
100030001
In base 9, what is -2443 - 87?
-2541
In base 11, what is -5 + -38086a?
-380874
In base 9, what is 4265010 + -2?
4265007
In base 2, what is 100000111100001011 - -1?
100000111100001100
In base 6, what is 1541 + 23?
2004
In base 4, what is -101 + -3013?
-3120
In base 11, what is -67922 - -4?
-67919
In base 3, what is -10201112122 - 0?
-10201112122
In base 9, what is -213 + 76?
-126
In base 16, what is b + 5283?
528e
In base 4, what is -300200 + 0?
-300200
In base 14, what is 4 - -23172?
23176
In base 4, what is 101032303 - -11?
101032320
In base 15, what is 0 + 2b5?
2b5
In base 14, what is -13 + 2bb5d?
2bb4a
In base 9, what is -2134 + -342?
-2476
In base 6, what is 0 + 3413412?
3413412
In base 10, what is -1 + -381?
-382
In base 12, what is 1590 + 4b?
161b
In base 10, what is 3633 - -15?
3648
In base 7, what is 14 - 3551?
-3534
In base 9, what is 78 - -47675?
47764
In base 11, what is -964 - -76?
-899
In base 6, what is -2 - -1404155?
1404153
In base 11, what is 997 - 6?
991
In base 2, what is -1110001 - 11001010011010?
-11001100001011
In base 12, what is -6805 - -5?
-6800
In base 13, what is 8a + 205?
292
In base 9, what is 22255 + -6?
22248
In base 7, what is 460 + -136?
321
In base 5, what is 3003 - -243?
3301
In base 3, what is -11 + 1200122200?
1200122112
In base 11, what is 4 - 3074?
-3070
In base 3, what is 11 + -2111000001?
-2110222220
In base 4, what is 3302 + 11123?
21031
In base 13, what is -9722 + 1?
-9721
In base 15, what is cb + 350?
42b
In base 12, what is 8 - -2361?
2369
In base 7, what is 342612 - 54?
342525
In base 5, what is -313 + 10214?
4401
In base 11, what is 2 - -875593?
875595
In base 4, what is 2 - 11203013?
-11203011
In base 4, what is -2333032212 - -1?
-2333032211
In base 4, what is 13 + -10330010?
-10323331
In base 13, what is 25ab42 + -4?
25ab3b
In base 11, what is 350 + -315?
36
In base 11, what is 22 - 19173?
-19151
In base 5, what is -1020 + 32?
-433
In base 14, what is -b4 - -d1?
1b
In base 15, what is 15 + -2763e?
-27629
In base 8, what is 5 + 1750765?
1750772
In base 16, what is 3 + -c372?
-c36f
In base 10, what is 69115 + 13?
69128
In base 8, what is 14 - 1034?
-1020
In base 14, what is -1c - -1306?
12c8
In base 12, what is -3 + -9778?
-977b
In base 14, what is -21ca8 + -3?
-21cab
In base 10, what is 8814 - -3?
8817
In base 6, what is 210 + 1013?
1223
In base 4, what is -3310 - 30310?
-100220
In base 15, what is -3b72c + -1?
-3b72d
In base 5, what is 2031 + 12233?
14314
In base 5, what is 20 - 1004220?
-1004200
In base 2, what is 10101 + 10010101000101?
10010101011010
In base 4, what is -20 - -130021203?
130021123
In base 5, what is -2332 + 1?
-2331
In base 15, what is b - -4d47?
4d53
In base 3, what is -1020011 - 2001010?
-10021021
In base 14, what is -580 - 154?
-6d4
In base 5, what is 10 - 412220?
-412210
In base 5, what is -10 - -211243001?
211242441
In base 4, what is 22 + -2112233?
-2112211
In base 5, what is -1034 + -114242?
-120331
In base 15, what is -1005a1 + 3?
-10059d
In base 11, what is -147 - -288?
141
In base 14, what is 1098c - 3?
10989
In base 16, what is 33c + 47?
383
In base 15, what is -6e + 1d4?
165
In base 12, what is 1b61 - 1b?
1b42
In base 5, what is -30004 - 243?
-30302
In base 2, what is -1100101001100110101011 + 101?
-1100101001100110100110
In base 3, what is 1012002101 - 100?
1012002001
In base 15, what is -505e - 4?
-5063
In base 2, what is 110111111101001 - -111?
110111111110000
In base 5, what is -341211 - 3?
-341214
In base 4, what is -220000 - 221?
-220221
In base 6, what is -14 + 240024?
240010
In base 14, what is 4a + -a8?
-5c
In base 8, what is 6 + 1212210?
1212216
In base 7, what is -151641 - -1?
-151640
In base 9, what is 382820 - 1?
382818
In base 5, what is 43303341 - 0?
43303341
In base 15, what is ec + 419?
516
In base 12, what is -204 - 2b?
-233
In base 5, what is -10 - 102411?
-102421
In base 4, what is 222100 - 11?
222023
In base 15, what is 86cb - 0?
86cb
In base 13, what is -86 - 2ab?
-364
In base 2, what is 100 + 11001011111001?
11001011111101
In base 10, what is -515 - 321?
-836
In base 10, what is -5 + -34519?
-34524
In base 4, what is -130023 + -2300?
-132323
In base 8, what is 46462 - -3?
46465
In base 12, what is 14 + 20b5?
2109
In base 16, what is -2322 + 2?
-2320
In base 11, what is 17 - -5644a?
56466
In base 13, what is -854 + -2?
-856
In base 8, what is 6 - -20130?
20136
In base 10, what is 460 - -254?
714
In base 7, what is -62 + -136616?
-140011
In base 15, what is 2c6a8 - -4?
2c6ac
In base 7, what is 1101156 + 5?
1101164
In base 14, what is 10c + -34?
b8
In base 7, what is 4 - 324066?
-324062
In base 9, what is 1428 - -13?
1442
In base 4, what is 31 - 3331301?
-3331210
In base 6, what is 352 + -1044?
-252
In base 11, what is -3340 - 5?
-3345
In base 13, what is -405 + -50?
-455
In base 3, what is 2 - 1010101022?
-1010101020
In base 11, what is 99a59 - -2?
99a60
In base 9, what is 6 - 10865?
-10858
In base 7, what is 332016 - 0?
332016
In base 3, what is 1201 - 1010021122?
-1010012221
In base 2, what is -101011111101011 - -11?
-101011111101000
In base 10, what is 257 - 4010?
-3753
In base 5, what is -10 - -104141?
104131
In base 2, what is -1001001101101110 + -10?
-1001001101110000
In base 5, what is -403040 - -2?
-403033
In base 16, what is -33 - -17e?
14b
In base 2, what is 111000010 + -10000000?
101000010
In base 15, what is -265 + -55?
-2ba
In base 15, what is -2d + -123?
-151
In base 9, what is -16 + -574367?
-574384
In base 13, what is 2a7 - -246?
520
In base 16, what is 10f + 52?
161
In base 11, what is 0 + 67604?
67604
In base 6, what is 50143213 - 3?
50143210
In base 11, what is 2 - 8149a?
-81498
In base 2, what is -101101 - -1001010011001100?
1001010010011111
In base 6, what is -3 - -3003010?
3003003
In base 14, what is 155b5 - 4?
155b1
In base 14, what is 3b6 + 61?
437
In base 13, what is 102 + -c5b?
-b59
In base 8, what is -3 + -6536765?
-6536770
In base 11, what is 11688 + 77?
11754
In base 8, what is -21 - -2357?
2336
In base 9, what is 163 - 4?
158
In base 5, what is -403 - -302?
-101
In base 15, what is -66 + -53b5?
-542b
In base 16, what is -9 + -a21?
-a2a
In base 4, what is -12313 - -20001?
1022
In base 16, what is -4f + 271?
222
In base 12, what is 4 - 23105?
-23101
In base 14, what is 0 + -2788d?
-2788d
In base 15, what is -b4 + 28?
-8b
In base 4, what is -10002212 - -103?
-10002103
In base 7, what is 101440135 - 1?
101440134
In base 6, what is -50412344 - 4?
-50412352
In base 10, what is 762 + 73?
835
In base 13, what is -18 - 1476?
-1491
In base 8, what is -47524 + 3?
-47521
In base 7, what is 6020 - -5?
6025
In base 12, what is -466 - 21?
-487
In base 14, what is 9 - 1366?
-135b
In base 2, what is -10010001100 - -1011111?
-10000101101
In base 7, what is -1210310 - 4?
-1210314
In base 9, what is 8 - 770?
-761
In base 16, what is -e7 + -424?
-50b
In base 15, what is -60 - -3220?
31b0
In base 14, what is -300d3 - 1?
-300d4
In base 3, what is -11 - 2100022122?
-2100022210
In base 5, what is 1224342033 - -4?
1224342042
In base 12, what is -3a09b - 2?
-3a0a1
In base 10, what is 439862 + 2?
439864
In base 4, what is 112102333210 + -2?
112102333202
In base 11, what is 186a3 + 20?
18713
In base 7, what is -52 + -1?
-53
In base 9, what is -5707 - 1100?
-6807
In base 15, what is 3669 + 10c?
3776
In base 5, what is 344411 - -222?
400133
In base 6, what is 23050 + 1052?
24142
In base 16, what is 46 - -f?
55
In base 13, what is b163 - 3?
b160
In base 9, what is -1414668 - -1?
-1414667
In base 3, what is -2 + -122112102?
-122112111
In base 15, what is 7 + -27c38?
-27c31
In base 9, what is 467030 - 0?
467030
In base 6, what is 51 + 343?
434
In base 7, what is -401312 - 5?
-401320
